nder when 3002519 is divided by 750482.
591
What is the remainder when 31555297 is divided by 307?
302
What is the remainder when 61765 is divided by 2283?
124
Calculate the remainder when 174154 is divided by 1797.
1642
Calculate the remainder when 1605086 is divided by 1843.
1676
Calculate the remainder when 30007353 is divided by 2000489.
18
What is the remainder when 738023 is divided by 78?
65
What is the remainder when 21977030 is divided by 466?
4
Calculate the remainder when 67517432 is divided by 473.
466
What is the remainder when 523652 is divided by 668?
608
What is the remainder when 31712 is divided by 1217?
70
What is the remainder when 9054382 is divided by 5?
2
Calculate the remainder when 916891258 is divided by 145.
143
What is the remainder when 429776 is divided by 106825?
2476
What is the remainder when 2236341 is divided by 1032?
1029
What is the remainder when 15356032 is divided by 79?
12
Calculate the remainder when 48760 is divided by 11788.
1608
What is the remainder when 131924 is divided by 43972?
8
What is the remainder when 6205 is divided by 344?
13
Calculate the remainder when 453686 is divided by 4826.
42
What is the remainder when 22727 is divided by 1485?
452
What is the remainder when 776178205 is divided by 1701?
1699
What is the remainder when 8991067 is divided by 23?
22
Calculate the remainder when 965073 is divided by 160701.
867
What is the remainder when 1519868 is divided by 17450?
1718
Calculate the remainder when 2946775 is divided by 16.
7
What is the remainder when 950184 is divided by 14813?
2152
What is the remainder when 376258 is divided by 187506?
1246
Calculate the remainder when 20578870 is divided by 743.
742
Calculate the remainder when 329183 is divided by 10941.
953
Calculate the remainder when 1868717 is divided by 6466.
43
Calculate the remainder when 1176683 is divided by 154.
123
Calculate the remainder when 1294286 is divided by 10696.
70
Calculate the remainder when 1895250 is divided by 172287.
93
What is the remainder when 3313290 is divided by 1368?
1362
Calculate the remainder when 55673 is divided by 710.
293
What is the remainder when 39230 is divided by 39157?
73
What is the remainder when 176459986 is divided by 1436?
1434
What is the remainder when 347300 is divided by 43412?
4
What is the remainder when 16329 is divided by 206?
55
What is the remainder when 157544506 is divided by 132?
130
Calculate the remainder when 11953212 is divided by 28325.
62
Calculate the remainder when 23694765 is divided by 3384957.
66
What is the remainder when 17844328 is divided by 1194?
1192
Calculate the remainder when 58827 is divided by 1362.
261
What is the remainder when 50743818 is divided by 479?
474
What is the remainder when 1205687 is divided by 84?
35
What is the remainder when 2291086 is divided by 31384?
54
Calculate the remainder when 190796 is divided by 5946.
524
What is the remainder when 9303927 is divided by 14?
3
Calculate the remainder when 749045779 is divided by 140.
139
Calculate the remainder when 37282888 is divided by 116146.
22
What is the remainder when 3826654 is divided by 3147?
3049
What is the remainder when 58711 is divided by 2406?
967
What is the remainder when 653676 is divided by 217880?
36
What is the remainder when 10439327 is divided by 1304913?
23
Calculate the remainder when 4223267 is divided by 16627.
9
Calculate the remainder when 34783614 is divided by 194.
190
Calculate the remainder when 17743099 is divided by 2217885.
19
Calculate the remainder when 882098 is divided by 441049.
0
Calculate the remainder when 7880909 is divided by 1199.
1081
What is the remainder when 434991 is divided by 478?
11
Calculate the remainder when 71510 is divided by 118.
2
Calculate the remainder when 78442700 is divided by 1668.
1664
Calculate the remainder when 3765901 is divided by 1382.
1333
What is the remainder when 379262 is divided by 2356?
2302
What is the remainder when 9037955 is divided by 19?
16
What is the remainder when 8383 is divided by 18?
13
Calculate the remainder when 309196 is divided by 11401.
1369
What is the remainder when 799622 is divided by 81?
71
What is the remainder when 114764026 is divided by 38?
36
Calculate the remainder when 3001394 is divided by 1720.
1714
What is the remainder when 9570373 is divided by 235?
233
Calculate the remainder when 71197 is divided by 8804.
765
Calculate the remainder when 956458 is divided by 28979.
151
What is the remainder when 68693 is divided by 1128?
1013
Calculate the remainder when 35178 is divided by 1043.
759
Calculate the remainder when 2714492 is divided by 32704.
60
Calculate the remainder when 7248863 is divided by 2208.
2207
Calculate the remainder when 6877904 is divided by 2292107.
1583
What is the remainder when 384923 is divided by 62?
27
What is the remainder when 865279 is divided by 23?
19
What is the remainder when 43191680 is divided by 846?
842
Calculate the remainder when 6816376 is divided by 272653.
51
What is the remainder when 290313967 is divided by 14?
13
What is the remainder when 64174255 is divided by 61?
59
Calculate the remainder when 954256 is divided by 106024.
40
What is the remainder when 5261822 is divided by 6?
2
Calculate the remainder when 7559038 is divided by 155.
153
What is the remainder when 9493889 is divided by 4746759?
371
Calculate the remainder when 679237 is divided by 1389.
16
Calculate the remainder when 241527732 is divided by 517190.
2
What is the remainder when 181251 is divided by 3999?
1296
What is the remainder when 4311467 is divided by 2323?
2302
What is the remainder when 361214 is divided by 36120?
14
What is the remainder when 66724 is divided by 3163?
301
Calculate the remainder when 13978223 is divided by 777.
770
Calculate the remainder when 4934647 is divided by 1233661.
3
Calculate the remainder when 5337518 is divided by 502.
254
Calculate the remainder when 30588 is divided by 15075.
438
What is the remainder when 52357 is divided by 2574?
877
What is the remainder when 6066214 is divided by 700?
14
What is the remainder when 4247104 is divided by 58?
54
What is the remainder when 1742027 is divided by 2064?
11
Calculate the remainder when 239554 is divided by 2065.
14
Calculate the remainder when 702711 is divided by 4684.
111
What is the remainder when 38054442 is divided by 2355?
2352
Calculate the remainder when 7725823 is divided by 7725636.
187
Calculate the remainder when 423498 is divided by 141161.
15
Calculate the remainder when 1086937 is divided by 16685.
2412
Calculate the remainder when 79277084 is divided by 119.
117
Calculate the remainder when 178896 is divided by 957.
894
Calculate the remainder when 2486213 is divided by 151.
149
Calculate the remainder when 1283459 is divided by 426120.
5099
What is the remainder when 70532 is divided by 8606?
1684
Calculate the remainder when 123504999 is divided by 3400.
3399
Calculate the remainder when 128611 is divided by 5901.
4690
Calculate the remainder when 1714974 is divided by 7300.
6774
What is the remainder when 3067115 is divided by 61342?
15
What is the remainder when 16854987 is divided by 7538?
19
What is the remainder when 170592 is divided by 29?
14
What is the remainder when 149920 is divided by 6552?
5776
What is the remainder when 362046 is divided by 361264?
782
What is the remainder when 1363976 is divided by 64947?
89
Calculate the remainder when 6554980 is divided by 1129.
6
Calculate the remainder when 17053361 is divided by 1705336.
1
Calculate the remainder when 137497 is divided by 132.
85
What is the remainder when 10433 is divided by 2065?
108
What is the remainder when 656782963 is divided by 30?
13
What is the remainder when 3799057 is divided by 44?
9
What is the remainder when 13254 is divided by 1244?
814
What is the remainder when 17404459 is divided by 3?
1
What is the remainder when 5479018 is divided by 56484?
70
What is the remainder when 42364 is divided by 42062?
302
Calculate the remainder when 194260865 is divided by 2875.
2865
Calculate the remainder when 23559824 is divided by 444.
296
What is the remainder when 20770544 is divided by 1920?
1904
Calculate the remainder when 3607239 is divided by 1396.
1371
Calculate t